{"id":447,"date":"2023-07-17T14:54:41","date_gmt":"2023-07-17T14:54:41","guid":{"rendered":"http:\/\/193.194.89.177\/leve_wp\/?page_id=447"},"modified":"2023-07-17T14:54:42","modified_gmt":"2023-07-17T14:54:42","slug":"communications-internationales-avec-actes-et-poceedings-edites","status":"publish","type":"page","link":"https:\/\/leve.usthb.dz\/index.php\/communications-internationales-avec-actes-et-poceedings-edites\/","title":{"rendered":"<strong>Communications internationales avec actes et poceedings \u00e9dit\u00e9s<\/strong>&nbsp;"},"content":{"rendered":"\n<p>&#8220;Green oak groves in the semi-arid in Algeria (Phytodynamics, altitudinal and&nbsp;&nbsp; sntaxonomical signification).&#8221;<strong>Colloque international sur \u00ab&nbsp;les \u00e9cosyst\u00e8mes \u00e0 ch\u00eane vert&nbsp;\u00bb Montpellier et Barcelone&nbsp; 25 &#8211; 30 Septembre 1990<\/strong>.Kadi-Hanifi H et Ihaddaden. A<\/p>\n\n\n\n<p><strong>&#8220;<\/strong>Etude phyto\u00e9colgique des nappes alfati\u00e8res de l\u2019Ouest Alg\u00e9rien&#8221;. <strong>IV\u00e8me Congr\u00e8s international sur \u00ab&nbsp;les terres de parcours&nbsp;\u00bb.&nbsp; 22 &#8211; 26 Avril 1991 Montpellier<\/strong> Kadi-Hanifi H<\/p>\n\n\n\n<p>&#8220;Relation climat-v\u00e9g\u00e9tation-sol dans les formations \u00e0 <em>Stipa tenacissima<\/em> du sud oranais de l\u2019Alg\u00e9rie.&#8221;<strong>XIII Journ\u00e9es de Phytosociologie sur le climat et&nbsp; la v\u00e9g\u00e9tation&nbsp; ( 25 &#8211; 29 Novembre 1993) Lisbonne Portugal<\/strong>. Kadi-Hanifi H.<\/p>\n\n\n\n<p>&#8220;Etude de la d\u00e9sertification le long d\u2019un transect Nord-Sud en&nbsp; Alg\u00e9rie,&nbsp; possibilit\u00e9s de restauration&#8221;. <strong>S\u00e9minaire international organis\u00e9 par l\u2019ORSTOM. L\u2019homme peut-il refaire ce qu\u2019il a d\u00e9fait ? <\/strong><strong>10 &#8211; 16 Novembre1994. Djerba<\/strong>.&nbsp; Kadi-Hanifi H et Dahmani M.<\/p>\n\n\n\n<p>&#8220;Phytoecological and phytodynamic studies of the <em>Stipa tenacissima <\/em>L.&nbsp;&nbsp; formations in Algeria.&nbsp; 1&#8243; <strong>Rangelands in a sustainable biosph\u00e8re.&nbsp; 5\u00e8me congr\u00e8s international&nbsp; sur les terres de parcours. <\/strong><strong>23 &#8211; 28 Juillet 995 Salt Lake City UTAH-USA<\/strong>. Kadi-Hanifi H<\/p>\n\n\n\n<p>&#8220;Contribution \u00e0 l\u2019\u00e9tude de la dynamique des formations \u00e0 alfa en Alg\u00e9rie. &#8220;<strong>Conf\u00e9rence &nbsp;internationale MEDESERT\u201999 16-19 Mars 1999. Perpignan.&nbsp; Synergies dans les processus de d\u00e9sertification en r\u00e9gion m\u00e9diterran\u00e9enne. M\u00e9canismes<\/strong> <strong>et indicateurs pr\u00e9coces. <\/strong>Kadi-Hanifi H<\/p>\n\n\n\n<p>&#8220;Diversit\u00e9 floristique des monts des Aur\u00e8s en Alg\u00e9rie.&#8221;<strong>Forum mondial&nbsp; de la montagne \u00ab&nbsp;les premi\u00e8res rencontres des montagnes du monde&nbsp;\u00bb 5 au 12 Juin 2000<\/strong> . Paris \u2013 Chambery France Kadi-Hanifi H Labadi F et Ba\u00e2li Ch\u00e9rif Na\u00efma<\/p>\n\n\n\n<p>&#8220;Diversit\u00e9 floristique des formations \u00e0 <em>Stipa tenacissima<\/em>Len Alg\u00e9rie.&#8221;<strong> Colloque international des chaires Maghr\u00e9bines Unesco-Gas Natural \u00ab&nbsp;D\u00e9veloppement durable du Maghreb&nbsp;\u00bb 27 au 29 Avril 2000<\/strong>. Rabat.Kadi-Hanifi H<\/p>\n\n\n\n<p>&#8220;Climat-Vegetation-Soil relations in the steppics formations to <em>Stipa tenacissima<\/em> L. of <strong>t<\/strong>he Algeria&#8221;<strong>. 44 th IAVS Symposium \u00ab&nbsp;Vegetation and&nbsp; Ecosystem Functions&nbsp;\u00bb<\/strong><\/p>\n\n\n\n<p><strong>&nbsp;29 Juillet &#8211; 4 Ao\u00fbt 2001<\/strong> Freising (Allemagne)Kadi-Hanifi H.<\/p>\n\n\n\n<p>&#8220;Diagnostic phyto\u00e9cologique et phytosociologique des formations \u00e0 Stipa&nbsp; tenacissima en Alg\u00e9rie . Propositions de gestion<strong>. &#8220;11 \u00e8me r\u00e9union du sous r\u00e9seau&nbsp; m\u00e9diterran\u00e9en FAO \u2013 CIHAM \u00ab&nbsp;R\u00e9habilitation des paturages et des parcours en milieux mediterran\u00e9ens&nbsp;\u00bb du 29 Octobre au 1 Novembre2002<\/strong>.&nbsp; Djerba (Tunisie )Kadi-Hanifi H<\/p>\n\n\n\n<p>&#8220;Effet de la mise en d\u00e9fens sur la biodiversit\u00e9 et le sol dans les formations \u00e0 <em>Stipa tenacissima<\/em> de l\u2019Alg\u00e9rie. &#8220;<strong>11 \u00e8me r\u00e9union du sous&nbsp; r\u00e9seau m\u00e9diterran\u00e9en FAO \u2013 CIHAM \u00ab&nbsp;R\u00e9habilitation des paturages et des parcours en milieux maditerran\u00e9ens&nbsp;\u00bb du 29 Octobre au 1 Novembre 2002<\/strong>. Djerba (Tunisie) &nbsp;Kadi-Hanifi et Amghar Fateh<\/p>\n\n\n\n<p>2 Communications&nbsp; <strong>au First Joint Seminar of the FAO-CIHEAM on Sheep and Goat&nbsp;&nbsp; Nutrition and on Mountain and Mediterranean Pastures .Grenade (Espagne)&nbsp;&nbsp;&nbsp; du 2 au 4&nbsp; Octobre 2003&nbsp;:<\/strong><\/p>\n\n\n\n<p>&nbsp;&nbsp;&nbsp;&nbsp;&nbsp;&nbsp;&nbsp;&nbsp;&nbsp;&nbsp;&nbsp;&nbsp;&nbsp; \u00ab&nbsp;The impact of the anthropic action and the aridity on the pastoral production in the <em>Stipa&nbsp;&nbsp; tenacissima<\/em> L. stepps of&nbsp; Algeria.&nbsp;\u00bbKadi-Hanifi H et Sadji Ahmed<\/p>\n\n\n\n<p>&nbsp;&nbsp;&nbsp;&nbsp;&nbsp;&nbsp;&nbsp;&nbsp;&nbsp;&nbsp;&nbsp;&nbsp;&nbsp;&nbsp;&nbsp;&nbsp; \u00ab&nbsp;Effect of the fence setting on the pastoral value of five stations of the south Algiers&nbsp;\u00bbKadi-Hanifi H et Amghar F<\/p>\n\n\n\n<p>&#8220;Tyoplogy and degradation of soils of Stipa tenacissima formations in Algeria.&#8221;<\/p>\n\n\n\n<p><strong>&nbsp;8th&nbsp; international meeting on soils with mediterranean type of climate.&nbsp; <\/strong><strong>Marrakech&nbsp; (Maroc) 9-11 F\u00e9vrier 2004 <\/strong>Kadi-Hanifi H et Boussouf L.<\/p>\n\n\n\n<p><strong>&nbsp;<\/strong><strong>&#8220;<\/strong>Degradation of&nbsp;&nbsp; steppics soils in Algeria<strong>.&#8221; <\/strong><strong>IV conf\u00e9rence internationale sur la<\/strong><\/p>\n\n\n\n<p><strong>d\u00e9gradation des terres. 12 \u2013 17 Septembre 2004 Cartagena &#8211; Espagne <\/strong>Kadi-Hanifi H &nbsp;<\/p>\n\n\n\n<p>&#8220;Impact de l\u2019anthropisme et de l\u2019aridit\u00e9 sur la diversit\u00e9 floristique de quelques formations de d\u00e9gradation en Alg\u00e9rie.&#8221; <strong>Conf\u00e9rence sur la biodiversit\u00e9<\/strong> <strong>\u00ab&nbsp;Biodiversit\u00e9&nbsp; et gouvernance&nbsp;\u00bb&nbsp; UNESCO 24-28Janvier 2005 Paris&nbsp; <\/strong>Kadi-Hanifi H et Amghar F<\/p>\n\n\n\n<p>&#8220;La mise en d\u00e9fens&nbsp;: Moyen de conserver la diversit\u00e9 floristique&nbsp; dans les steppes Alg\u00e9riennes&#8221; .<strong>Colloque international \u00ab&nbsp;Conservation de la flore m\u00e9diterran\u00e9enne dans un environnement changeant&nbsp;\u00bb<\/strong> <strong>29 Septembre \u2013 02 Octobre 2005<\/strong> <strong>Hy\u00e8res Var (FRANCE).<\/strong> Amghar F et Kadi-Hanifi H<\/p>\n\n\n\n<p>&#8220;Diagnostic de la diversit\u00e9 floristique de cinq stations steppiques du sud Alg\u00e9rois&nbsp;.&#8221; &nbsp;<strong>Symposium international \u00ab&nbsp;Outils de diagnostic et de gestion des prairies naturelles&nbsp; 06-08 Juillet 2005 Toulouse (FRANCE).<\/strong> Amghar F et Kadi-Hanifi H<\/p>\n\n\n\n<p>&#8220;Effect aridity on the biological type and on soils fertility in the stepp of algeria&nbsp;\u00bb <strong>48th IAVS Symposium: Marginal landscapes and nutrient \u2013 poor ecosystems \u2013 processes and adaptations. <\/strong><strong>24th \u2013 29th July 2005, Lisbon \u2013 Portugal <\/strong>Kadi-Hanifi H<\/p>\n\n\n\n<p>&#8220;L\u2019\u00e9cosyst\u00e8me \u00e9daphique et la v\u00e9g\u00e9tation \u00e0 ch\u00eane vert&nbsp;<strong>\u00bb. Communication lors de la rencontre M\u00e9diterran\u00e9enne d\u2019\u00e9cologie du 7au 10 Novembre 2006 BEJA\u00ceA <\/strong>Ihaddaden A et Kadi-Hanifi H<\/p>\n\n\n\n<p><em>\u00ab&nbsp;Relations sol-v\u00e9g\u00e9tation&nbsp;: d\u00e9gradation et phytorem\u00e9diation<\/em>.&nbsp;\u00bb <strong>2<sup>\u00e8me<\/sup> s\u00e9minaire international sur la protection de l\u2019environnement li\u00e9 \u00e0 l\u2019activit\u00e9 mini\u00e8re. Par le minist\u00e8re de l\u2019indusrie et des mines 5 et 6 Mars 2007 Alger<\/strong> &nbsp;Ihaddaden A et Kadi-Hanifi H<\/p>\n\n\n\n<p>\u00ab&nbsp;Impact de l\u2019anthropisme et de l\u2019aridit\u00e9&nbsp; sur la biodiversit\u00e9 des&nbsp; steppes \u00e0 <em>Stipa tenacissima <\/em>de L\u2019Alg\u00e9rie&nbsp;\u00bb <strong>SBSTTA-12&nbsp; du 2 au 6 juillet 2007 Paris<\/strong> Kadi-Hanifi H<\/p>\n\n\n\n<p>&#8220;Suivi de la d\u00e9sertification dans les zones steppiques en Alg\u00e9rie&#8221; <strong>international conference \u201cMonitoring the effectiveness of nature conservation\u201d Zurich Suisse 3 \u2013 6 septembre 2007 <\/strong>Kadi-Hanifi H et Nedjraoui D<\/p>\n\n\n\n<p>\u00ab&nbsp;Impact de l\u2019anthropisme et de la s\u00e9cheresse sur la biodiversit\u00e9 et le sol dans la station de Tadmit (Wilaya de Djelfa)&nbsp;\u00bb<strong>I congr\u00e8s international sur la gestion de la s\u00e9cheresse 12 au 14 Juin 2008 Saragossa Espagne <\/strong>Benseghir L et Kadi-Hanifi H.<\/p>\n\n\n\n<p>&#8220;Typology and degradation of steppics soils and vegetation in Algeria&nbsp;: case of Stipa tenacissima stepp&nbsp;\u00bb&nbsp;<strong>XXI International Grassland Congress and VIII International Rangeland<\/strong> <strong>Congress&nbsp; du 29JUIN au 5 Juillet&nbsp; 2008 Hohhot<\/strong> <strong>CHINE <\/strong>Kadi-Hanifi H<\/p>\n\n\n\n<p>&#8220;Gestion de la biodiversit\u00e9 en Alg\u00e9rie&#8221;&nbsp; 15 \u00e9me colloque international Biodiversit\u00e9 et \u00e9valuation environnementale du 20 au 23 septembre 2010 \u00e0 Paris Kadi-Hanifi H<\/p>\n\n\n\n<p>&nbsp;\u00ab&nbsp;Impact of anthropism and aridity in the Algerian landscapes \u00bb&nbsp; <strong>au IX INTERNATIONAL RANGELAND CONGRESS &#8211; IRC2011&nbsp; &nbsp; &nbsp; \u201cDiverse Rangelands for a Sustainable Society\u201d Rosario, Argentina &#8211; April 2 to April 8, 2011<\/strong> Benseghir L Dahmani M et Kadi-Hanifi H <strong><\/strong><\/p>\n\n\n\n<p><a href=\"http:\/\/www.irc2011.com.ar\/\" target=\"_blank\" rel=\"noreferrer noopener\">http:\/\/www.irc2011.com.ar\/<\/a><\/p>\n\n\n\n<p>&#8220;Steppic rangelands evolution in relationship with climate an socioeconomic indicators: case of the region of Moudjbara (Algeria).&#8221; <strong>IX INTERNATIONAL RANGELAND CONGRESS &#8211; IRC2011<\/strong><strong>\u201cDiverse Rangelands for a Sustainable Society\u201d<\/strong>&nbsp; &nbsp; &nbsp; <strong>Rosario, Argentina &#8211; April 2 to April 8, 2011<\/strong> Rabhi S. Aissiou F., <strong>Kadi-Hanifi H.<\/strong> &amp; Dahmani-Megrerouche M.<\/p>\n\n\n\n<p><a href=\"http:\/\/www.irc2011.com.ar\/\" target=\"_blank\" rel=\"noreferrer noopener\">http:\/\/www.irc2011.com.ar\/<\/a><\/p>\n\n\n\n<p><strong>Au Dryland ecosystem functioning and resilience&nbsp;: integrating biophysical assessment with socio-economic issues. In Alghero (Italy) from 6 to 8 July 2011&nbsp;,<\/strong> trois communications<em> <\/em><em>www.uniss.it\/&#8230;\/conference_outcomes_final.pdf<\/em><\/p>\n\n\n\n<p>\u00ab&nbsp;Climate and anthropism impact on the desertication of the steppe in Algeria&nbsp;\u00bbKadi-Hanifi H<\/p>\n\n\n\n<p>\u00ab&nbsp;Assesment of vegetation and soil response to stress and disturbance in dry ecosystems in Algeria&nbsp;\u00bb Dahmani M et Kadi-Hanifi H<\/p>\n\n\n\n<p>\u00ab&nbsp; Damages of palm groves in Algeria&nbsp;: impact of climate change on appearance and spreading of date palm (Phoenix dactylefera L.) fusariosis&nbsp;\u00bbArbadi R, Rahmania F et Kadi-Hanifi H<\/p>\n\n\n\n<p>\u00ab&nbsp;R\u00e9partition et propagation de la feuille cassante du palmier dattier en Alg\u00e9rie&nbsp;\u00bb. au 1<sup>er<\/sup> Symposium International sur le palmier dattier, 13 et 14 novembre 2011 Alger, Alg\u00e9rie.<\/p>\n\n\n\n<p><strong>1<sup>er<\/sup> Symposium International sur le palmier dattier, 13 et 14 novembre 2011 Alger, Alg\u00e9rie<\/strong>. ZENCHIH, RAHMANIA Fatma et Kadi-Hanifi H<\/p>\n\n\n\n<p>&nbsp;\u00ab&nbsp;Impact des changements climatiques et de l\u2019anthropisme sur la d\u00e9sertification en Alg\u00e9rie&nbsp;: cas de la steppe \u00e0 <em>Stipa tenacissima<\/em>&nbsp;\u00bb <strong>International conference on advances in plant sciences&nbsp;: 14-18 Nov 2012 Chiang Mai, Thailande &nbsp;<\/strong>Kadi-Hanifi Halima&nbsp;<\/p>\n\n\n\n<p>&#8220;Impact des facteurs climatiques sur l\u2019apparition et l\u2019extension de la maladie de la feuille cassante chez le palmier dattier (<em>Phoenix dactylifera<\/em>)&#8221; <strong>Congr\u00e8s international des Populations et des Communaut\u00e9s Animales \u00ab&nbsp;Dynamique et biodiversit\u00e9 des \u00e9cosyst\u00e8mes terrestres et aquatiques&nbsp;\u00bb Taghit (Bechar) 19-21 Novembre 2013 <\/strong>Zenchi H, Rahmania F et Kadi<strong>&#8211;<\/strong>Hanifi H.<\/p>\n\n\n\n<p>&#8220;Desertification control in Algerian arid overgrazing area with <em>Atriplexcanescens<\/em> plantation&#8221;.<\/p>\n\n\n\n<p><strong>17th Meeting of the FAO-CIHEAM Mountain Pastures Network. Trivero (Italie) 5th to 7th June 2013.<\/strong><strong>. <\/strong><strong>Pastoralism and Ecosystem Conservation, 136-139.<\/strong> Amghar, F<strong>.<\/strong>and Kadi-Hanifi, H. http:\/\/fao13.adcf.ch\/<\/p>\n\n\n\n<p>&#8220;Performance of exclosure in restoring arid degraded steppes of Algeria.&#8221;<\/p>\n\n\n\n<p>17th Meeting of the FAO-CIHEAM Mountain Pastures Network. Trivero (Italie) 5th to 7th June 2013. Pastoralism and Ecosystem Conservation, 176-179. Kadi-Hanifi, H. and Amghar, F. http:\/\/fao13.adcf.ch\/<\/p>\n\n\n\n<p>\u00ab&nbsp;Lutte contre la d\u00e9sertification des \u00e9cosyst\u00e8mes steppiques&nbsp;: effet de la mise en d\u00e9fens et de l\u2019introduction de l\u2019Atriplex canescens sur le sol et l\u2019\u00e9tat de sa surface dans la steppe Alg\u00e9rienne&nbsp;\u00bb<\/p>\n\n\n\n<p><strong>Symposium international \u00ab&nbsp;Water management and Desertification&nbsp;\u00bb. <\/strong><strong>Istanbul (Turquie) du 26 au 28 Nov. 2014.<\/strong> Amghar F&nbsp;et Kadi-Hanifi H<\/p>\n\n\n\n<p>\u201cEffects of drought and anthropism on vegetation and soil elements in the steppe of Algeria&nbsp;: case of the station of Tadmit (wilaya de Djelfa) \u201c.<strong>VIII International science conference on Biotechnology, Chemical Engineering and Life Science 14-15 Ao\u00fbt 2014<\/strong>. <strong>Venise (Italie)<\/strong> Benseghir L. et Kadi-Hanifi H.<\/p>\n\n\n\n<p>Contribution \u00e0 un bilan sur la restauration de la steppe&nbsp;\u00bb <strong>S\u00e9minaire international 2&nbsp;3\u201325 Novembre 2015 Djelfa \u00ab&nbsp;Biodiversit\u00e9 et changements globaux&nbsp;\u00bb<\/strong>&nbsp;<\/p>\n\n\n\n<p>Kadi-Hanifi H, Amghar F, Tazairt K, Abdelli S, Benseghir L, Ihaddaden A, Harkati E&nbsp;.<\/p>\n\n\n\n<p>&#8220;Effet de deux techniques d\u2019am\u00e9nagement pastoral sur la diversit\u00e9 floristique et le sol dans les parcours Alg\u00e9riens.&#8221;. <strong>S\u00e9minaire international \u00ab&nbsp;Biodiversit\u00e9 et Changements globaux&nbsp;\u00bb. Djelfa (Alg\u00e9rie) du 23 au 25 Nov. 2015<\/strong>. Fateh Amghar,Estelle Forey, Estelle Langlois, lakhdar Brouri, Halima Kadi-Hanifi etPierre Margerie<\/p>\n\n\n\n<p>\u00ab&nbsp;Variation de la composition et la richesse floristique de la v\u00e9g\u00e9tation \u00e0 Ch\u00eane vert le long d\u2019un gradient climatique latitudinale&nbsp;\u00bb <strong>S\u00e9minaire international 2&nbsp;3\u201325 Novembre 2015 Djelfa \u00ab&nbsp;Biodiversit\u00e9 et changements globaux<\/strong>&nbsp; Ihaddaden Akli, Kadi-Hanifi Halima&nbsp;.&nbsp;<\/p>\n\n\n\n<p>&nbsp;\u201cRestoration of steppes in algeria: case of the Stipa tenacissimaL. Steppe\u201d <strong>International Rangeland Congress Saskatoon CANADA du 17 au 22juillet<\/strong><strong> 2016<\/strong> Kadi-Hanifi H,<\/p>\n","protected":false},"excerpt":{"rendered":"<p>&#8220;Green oak groves in the semi-arid in Algeria (Phytodynamics, altitudinal and&nbsp;&nbsp; sntaxonomical signification).&#8221;Colloque international sur \u00ab&nbsp;les \u00e9cosyst\u00e8mes \u00e0 ch\u00eane vert&nbsp;\u00bb Montpellier et Barcelone&nbsp; 25 &#8211; 30 Septembre 1990.Kadi-Hanifi H et Ihaddaden. A &#8220;Etude phyto\u00e9colgique des nappes alfati\u00e8res de l\u2019Ouest Alg\u00e9rien&#8221;. <span class=\"readmore\"><a href=\"https:\/\/leve.usthb.dz\/index.php\/communications-internationales-avec-actes-et-poceedings-edites\/\">Continue Reading<\/a><\/span><\/p>\n","protected":false},"author":1,"featured_media":0,"parent":0,"menu_order":0,"comment_status":"closed","ping_status":"closed","template":"","meta":[],"_links":{"self":[{"href":"https:\/\/leve.usthb.dz\/index.php\/wp-json\/wp\/v2\/pages\/447"}],"collection":[{"href":"https:\/\/leve.usthb.dz\/index.php\/wp-json\/wp\/v2\/pages"}],"about":[{"href":"https:\/\/leve.usthb.dz\/index.php\/wp-json\/wp\/v2\/types\/page"}],"author":[{"embeddable":true,"href":"https:\/\/leve.usthb.dz\/index.php\/wp-json\/wp\/v2\/users\/1"}],"replies":[{"embeddable":true,"href":"https:\/\/leve.usthb.dz\/index.php\/wp-json\/wp\/v2\/comments?post=447"}],"version-history":[{"count":1,"href":"https:\/\/leve.usthb.dz\/index.php\/wp-json\/wp\/v2\/pages\/447\/revisions"}],"predecessor-version":[{"id":449,"href":"https:\/\/leve.usthb.dz\/index.php\/wp-json\/wp\/v2\/pages\/447\/revisions\/449"}],"wp:attachment":[{"href":"https:\/\/leve.usthb.dz\/index.php\/wp-json\/wp\/v2\/media?parent=447"}],"curies":[{"name":"wp","href":"https:\/\/api.w.org\/{rel}","templated":true}]}}