{"id":439,"date":"2023-07-17T14:50:20","date_gmt":"2023-07-17T14:50:20","guid":{"rendered":"http:\/\/193.194.89.177\/leve_wp\/?page_id=439"},"modified":"2023-07-18T12:08:15","modified_gmt":"2023-07-18T12:08:15","slug":"publications-nationales-5","status":"publish","type":"page","link":"https:\/\/leve.usthb.dz\/index.php\/publications-nationales-5\/","title":{"rendered":"Publications nationales\u00a0"},"content":{"rendered":"\n<p><strong>&nbsp;<\/strong>Carte phyto\u00e9cologique de la r\u00e9gion de M\u00e9ch\u00e9ria. Ann\u00e9e d\u2019\u00e9dition 1982&nbsp;&nbsp;&nbsp;&nbsp;&nbsp;&nbsp;&nbsp;&nbsp;&nbsp;&nbsp;&nbsp;&nbsp;&nbsp;&nbsp;&nbsp;&nbsp;&nbsp;&nbsp;&nbsp;&nbsp;&nbsp;&nbsp;&nbsp;&nbsp;&nbsp;&nbsp;&nbsp;&nbsp;&nbsp;&nbsp;&nbsp;&nbsp;&nbsp;&nbsp;&nbsp;&nbsp;&nbsp;&nbsp;&nbsp;&nbsp;&nbsp;&nbsp;&nbsp;&nbsp;&nbsp;&nbsp;&nbsp;&nbsp;&nbsp;&nbsp;&nbsp;&nbsp;&nbsp;&nbsp;&nbsp;&nbsp;&nbsp;&nbsp;&nbsp;&nbsp; Halima ACHOUR&nbsp; ,Yamna DJELLOULI et Le\u00efla KADIK<\/p>\n\n\n\n<p><strong>&nbsp; <\/strong>Groupes \u00e9cologiques \u00e9daphiques dans les formations steppiques du&nbsp; Sud-Oranais. Biocenoses (1) 1982&nbsp;&nbsp;&nbsp; 7-59 pp. Halima ACHOUR , Salah Djeba\u00efli et Fatiha A\u00efdoud<\/p>\n\n\n\n<p>&nbsp;Essai de synth\u00e8se sur les sols de la wilaya de Sa\u00efda en relation&nbsp; avec la v\u00e9g\u00e9tation. Bioc\u00e9noses (2) 1982&nbsp; 83-110 pp. Halima ACHOUR<\/p>\n\n\n\n<p>&nbsp;Notice de la carte d\u2019occupation des terres et de la carte pastorale de l\u2019Alg\u00e9rie au 1\/200.000. Bioc\u00e9noses 2 (1-2) 1983 &#8211; 132 p.&nbsp; Halima ACHOUR et <em>al<\/em> (U.R.B.T)<\/p>\n\n\n\n<p>Etude phyto\u00e9cologique des formations \u00e0 alfa dans le Sud Oranais.&nbsp; Biocenoses 5 (1-2) 1990. 37-67pp. Halima ACHOUR KADI-HANIFI.<\/p>\n","protected":false},"excerpt":{"rendered":"<p>&nbsp;Carte phyto\u00e9cologique de la r\u00e9gion de M\u00e9ch\u00e9ria. Ann\u00e9e d\u2019\u00e9dition 1982&nbsp;&nbsp;&nbsp;&nbsp;&nbsp;&nbsp;&nbsp;&nbsp;&nbsp;&nbsp;&nbsp;&nbsp;&nbsp;&nbsp;&nbsp;&nbsp;&nbsp;&nbsp;&nbsp;&nbsp;&nbsp;&nbsp;&nbsp;&nbsp;&nbsp;&nbsp;&nbsp;&nbsp;&nbsp;&nbsp;&nbsp;&nbsp;&nbsp;&nbsp;&nbsp;&nbsp;&nbsp;&nbsp;&nbsp;&nbsp;&nbsp;&nbsp;&nbsp;&nbsp;&nbsp;&nbsp;&nbsp;&nbsp;&nbsp;&nbsp;&nbsp;&nbsp;&nbsp;&nbsp;&nbsp;&nbsp;&nbsp;&nbsp;&nbsp;&nbsp; Halima ACHOUR&nbsp; ,Yamna DJELLOULI et Le\u00efla KADIK &nbsp; Groupes \u00e9cologiques \u00e9daphiques dans les formations steppiques du&nbsp; Sud-Oranais. Biocenoses (1) 1982&nbsp;&nbsp;&nbsp; 7-59 pp. Halima ACHOUR , Salah Djeba\u00efli et Fatiha A\u00efdoud <span class=\"readmore\"><a href=\"https:\/\/leve.usthb.dz\/index.php\/publications-nationales-5\/\">Continue Reading<\/a><\/span><\/p>\n","protected":false},"author":1,"featured_media":0,"parent":0,"menu_order":0,"comment_status":"closed","ping_status":"closed","template":"","meta":[],"_links":{"self":[{"href":"https:\/\/leve.usthb.dz\/index.php\/wp-json\/wp\/v2\/pages\/439"}],"collection":[{"href":"https:\/\/leve.usthb.dz\/index.php\/wp-json\/wp\/v2\/pages"}],"about":[{"href":"https:\/\/leve.usthb.dz\/index.php\/wp-json\/wp\/v2\/types\/page"}],"author":[{"embeddable":true,"href":"https:\/\/leve.usthb.dz\/index.php\/wp-json\/wp\/v2\/users\/1"}],"replies":[{"embeddable":true,"href":"https:\/\/leve.usthb.dz\/index.php\/wp-json\/wp\/v2\/comments?post=439"}],"version-history":[{"count":2,"href":"https:\/\/leve.usthb.dz\/index.php\/wp-json\/wp\/v2\/pages\/439\/revisions"}],"predecessor-version":[{"id":455,"href":"https:\/\/leve.usthb.dz\/index.php\/wp-json\/wp\/v2\/pages\/439\/revisions\/455"}],"wp:attachment":[{"href":"https:\/\/leve.usthb.dz\/index.php\/wp-json\/wp\/v2\/media?parent=439"}],"curies":[{"name":"wp","href":"https:\/\/api.w.org\/{rel}","templated":true}]}}