{"id":426,"date":"2023-07-17T14:28:04","date_gmt":"2023-07-17T14:28:04","guid":{"rendered":"http:\/\/193.194.89.177\/leve_wp\/?page_id=426"},"modified":"2023-07-17T14:28:05","modified_gmt":"2023-07-17T14:28:05","slug":"theses-de-magister-3","status":"publish","type":"page","link":"https:\/\/leve.usthb.dz\/index.php\/theses-de-magister-3\/","title":{"rendered":"<strong>Th\u00e8ses de Magister<\/strong><strong><\/strong>"},"content":{"rendered":"\n<p><strong>Ann\u00e9e 2012<\/strong><strong><\/strong><\/p>\n\n\n\n<p><img decoding=\"async\" loading=\"lazy\" width=\"8\" height=\"11\" src=\"\" alt=\"-\">&nbsp;<strong>Bouchareb B.<\/strong>&nbsp;.2012. -Evolution des paysages agropastoraux dans la lutte contre la d\u00e9sertification&nbsp;: cas de la commune de Hadj M\u00e9cheri. M\u00e9moire de magister, FSB.USTHB.<\/p>\n\n\n\n<p><strong>Ann\u00e9e 2010<\/strong><strong><\/strong><\/p>\n\n\n\n<p><img decoding=\"async\" loading=\"lazy\" width=\"8\" height=\"11\" src=\"\" alt=\"-\">&nbsp;Fod\u00e9 Camara Mahamdou Sanouci., 2010.-Transhumance et changement climatique&nbsp;: utilisation des outils d\u2019aide \u00e0 la d\u00e9cision dans la gestion durable des ressources des \u00e9cosyst\u00e8mes agropastoraux sah\u00e9liens du Niger M\u00e9moire de magister, FSB.USTHB.<\/p>\n\n\n\n<p><strong>Ann\u00e9e 2009<\/strong><strong><\/strong><\/p>\n\n\n\n<p><img decoding=\"async\" loading=\"lazy\" width=\"8\" height=\"11\" src=\"\" alt=\"-\">&nbsp;Hammouda R., 2009.-Contribution \u00e0 l\u2019\u00e9laboration d\u2019un mod\u00e8le de gestion durable d\u2019un parcours steppique. M\u00e9moire de magister, FSB.USTHB.<\/p>\n\n\n\n<p><strong>Ann\u00e9e 2008<\/strong><strong><\/strong><\/p>\n\n\n\n<p><img decoding=\"async\" loading=\"lazy\" width=\"8\" height=\"11\" src=\"\" alt=\"-\">&nbsp;Bellout Yassine, 2008..- Etude d\u2019impact des \u00e9missions de la cimenterie de Sour El Ghozlan wilaya de Bouira et de la cimenterie de M\u2019sila sur la v\u00e9g\u00e9tation et le sol.., M\u00e9moire de magister FSB-USTHB<\/p>\n\n\n\n<p><strong>Ann\u00e9e 2005<\/strong><strong><\/strong><\/p>\n\n\n\n<p><img decoding=\"async\" loading=\"lazy\" width=\"8\" height=\"11\" src=\"\" alt=\"-\">&nbsp;Omari Lynda, 2005.- Contribution \u00e0 l\u2019\u00e9tude du fonctionnement de l\u2019\u00e9cosyst\u00e8me \u00e0 Artemisia herba alba, Th\u00e8se de magister,, FSB USTHB.<\/p>\n\n\n\n<p><img decoding=\"async\" loading=\"lazy\" width=\"8\" height=\"11\" src=\"\" alt=\"-\">&nbsp;Daoud N. 2005.- Etude diachronique de la v\u00e9g\u00e9tation de B\u00e9ni-Abb\u00e8s&nbsp;: cartographie par imagerie satellitaire. Th\u00e8se de magister, FSB.USTHB.<\/p>\n\n\n\n<p><strong>Ann\u00e9e 2004<\/strong><strong><\/strong><\/p>\n\n\n\n<p><img decoding=\"async\" loading=\"lazy\" width=\"8\" height=\"11\" src=\"\" alt=\"-\">&nbsp;Hourizi R. 2004 \u00ab&nbsp;contribution \u00e0 l\u2019\u00e9tude d\u2019un \u00e9cosyst\u00e8me \u00e0 Lygeum spartum dans le Sud Oranais&nbsp;: diagnostic phyto\u00e9cologique et catographique (processus de d\u00e9sertification des \u00e9cosyst\u00e8mes arides&nbsp;\u00bb Th\u00e8se de magister, FSB.USTHB.<\/p>\n\n\n\n<p><strong>Ann\u00e9e 2001<\/strong><strong><\/strong><\/p>\n\n\n\n<p><strong>Adi N<\/strong>., 2001. \u2013 Contribution \u00e0 l\u2019\u00e9tude des formations \u00e0 Salsola vermiculata L. le long d\u2019un gradient de salinit\u00e9 dans la r\u00e9gion du Chott-Ech-Chergui (Sud Oranais). M\u00e9m. Mag., Univ. Sci. Technol. H. Boumediene, Alger, 118 p.<\/p>\n\n\n\n<p><img decoding=\"async\" loading=\"lazy\" width=\"8\" height=\"11\" src=\"\" alt=\"-\">&nbsp;NEFFAR 2001.-Etude \u00e9cophysiologique de Suaeda fruticosa var. Brevifolia dans la Sebkha de Melloul Th\u00e8se de magister, FSB.USTHB.<\/p>\n\n\n\n<p><strong>Ann\u00e9e 1999<\/strong><strong><\/strong><\/p>\n\n\n\n<p><img decoding=\"async\" loading=\"lazy\" width=\"8\" height=\"11\" src=\"\" alt=\"-\">&nbsp;Kheddache Z.1999.-Etude \u00e9cologique et fonctionnement de l\u2019Anabasis aretioides, Th\u00e8se de magister, FSB.USTHB.<\/p>\n\n\n\n<p><strong>Ann\u00e9e 1998<\/strong><strong><\/strong><\/p>\n\n\n\n<p>R. Bessah 1998.-Etude de la min\u00e9ralisation de l\u2019azote et vitesse de d\u00e9gradation de la mati\u00e8re organique dans les steppes \u00e0 alfa. Th\u00e8se de magister, FSB.USTHB.<\/p>\n\n\n\n<p><strong>Ann\u00e9e 1995<\/strong><strong><\/strong><\/p>\n\n\n\n<p>Boughani A. 1995.-Contribution \u00e0 l\u2019\u00e9tude des forrnations v\u00e9g\u00e9tales au Sud des monts du Zab. Th\u00e8se de magister, FSB.USTHB.<\/p>\n","protected":false},"excerpt":{"rendered":"<p>Ann\u00e9e 2012 &nbsp;Bouchareb B.&nbsp;.2012. -Evolution des paysages agropastoraux dans la lutte contre la d\u00e9sertification&nbsp;: cas de la commune de Hadj M\u00e9cheri. M\u00e9moire de magister, FSB.USTHB. Ann\u00e9e 2010 &nbsp;Fod\u00e9 Camara Mahamdou Sanouci., 2010.-Transhumance et changement climatique&nbsp;: utilisation des outils d\u2019aide \u00e0 <span class=\"readmore\"><a href=\"https:\/\/leve.usthb.dz\/index.php\/theses-de-magister-3\/\">Continue Reading<\/a><\/span><\/p>\n","protected":false},"author":1,"featured_media":0,"parent":0,"menu_order":0,"comment_status":"closed","ping_status":"closed","template":"","meta":[],"_links":{"self":[{"href":"https:\/\/leve.usthb.dz\/index.php\/wp-json\/wp\/v2\/pages\/426"}],"collection":[{"href":"https:\/\/leve.usthb.dz\/index.php\/wp-json\/wp\/v2\/pages"}],"about":[{"href":"https:\/\/leve.usthb.dz\/index.php\/wp-json\/wp\/v2\/types\/page"}],"author":[{"embeddable":true,"href":"https:\/\/leve.usthb.dz\/index.php\/wp-json\/wp\/v2\/users\/1"}],"replies":[{"embeddable":true,"href":"https:\/\/leve.usthb.dz\/index.php\/wp-json\/wp\/v2\/comments?post=426"}],"version-history":[{"count":1,"href":"https:\/\/leve.usthb.dz\/index.php\/wp-json\/wp\/v2\/pages\/426\/revisions"}],"predecessor-version":[{"id":428,"href":"https:\/\/leve.usthb.dz\/index.php\/wp-json\/wp\/v2\/pages\/426\/revisions\/428"}],"wp:attachment":[{"href":"https:\/\/leve.usthb.dz\/index.php\/wp-json\/wp\/v2\/media?parent=426"}],"curies":[{"name":"wp","href":"https:\/\/api.w.org\/{rel}","templated":true}]}}