{"id":422,"date":"2023-07-17T14:26:00","date_gmt":"2023-07-17T14:26:00","guid":{"rendered":"http:\/\/193.194.89.177\/leve_wp\/?page_id=422"},"modified":"2023-07-18T09:49:07","modified_gmt":"2023-07-18T09:49:07","slug":"collaborations","status":"publish","type":"page","link":"https:\/\/leve.usthb.dz\/index.php\/collaborations\/","title":{"rendered":"<strong>Collaborations<\/strong><strong><\/strong>"},"content":{"rendered":"\n<p><strong>Internationales<\/strong><\/p>\n\n\n\n<p><img decoding=\"async\" loading=\"lazy\" width=\"8\" height=\"11\" src=\"\" alt=\"-\">&nbsp;Observatoire du Sahara et du Sahel (OSS)&nbsp;: programme Roselt (Nedjraoui+ \u00e9quipe)&nbsp;<br><img decoding=\"async\" loading=\"lazy\" width=\"8\" height=\"11\" src=\"\" alt=\"-\">&nbsp;Universit\u00e9 de Rennes&nbsp;: Laboratoire d\u2019Ecologie v\u00e9g\u00e9tale (Slimani)&nbsp;<br><img decoding=\"async\" loading=\"lazy\" width=\"8\" height=\"11\" src=\"\" alt=\"-\">&nbsp;Universit\u00e9 de Aix- Marseille (Boughani )&nbsp;<br><img decoding=\"async\" loading=\"lazy\" width=\"8\" height=\"11\" src=\"\" alt=\"-\">&nbsp;Centre International de Recherches Agronomiques pour le D\u00e9veloppement (CIRAD) UMR SELMET , Montpellier,( Huguenin+ Hammouda)<\/p>\n\n\n\n<p><strong>. Nationales<\/strong><strong><\/strong><\/p>\n\n\n\n<p><img decoding=\"async\" loading=\"lazy\" width=\"8\" height=\"11\" src=\"\" alt=\"-\">&nbsp;Minist\u00e8re de l\u2019Environnement et des Energies Renouvelables&nbsp;:&nbsp;<br><img decoding=\"async\" loading=\"lazy\" width=\"8\" height=\"11\" src=\"\" alt=\"-\">&nbsp;Observatoire de l\u2019environnement et du D\u00e9veloppement Durable (ONEDD)&nbsp;<br><img decoding=\"async\" loading=\"lazy\" width=\"8\" height=\"11\" src=\"\" alt=\"-\">&nbsp;Centre National du D\u00e9veloppement des Ressources Biologiques ( CNDRB)&nbsp;<br><img decoding=\"async\" loading=\"lazy\" width=\"8\" height=\"11\" src=\"\" alt=\"-\">&nbsp;Haut Commissariat au D\u00e9veloppement de la Steppe (HCDS)&nbsp;<br><img decoding=\"async\" loading=\"lazy\" width=\"8\" height=\"11\" src=\"\" alt=\"-\">&nbsp;Office National de la M\u00e9t\u00e9orologie (ONM)<\/p>\n","protected":false},"excerpt":{"rendered":"<p>Internationales &nbsp;Observatoire du Sahara et du Sahel (OSS)&nbsp;: programme Roselt (Nedjraoui+ \u00e9quipe)&nbsp;&nbsp;Universit\u00e9 de Rennes&nbsp;: Laboratoire d\u2019Ecologie v\u00e9g\u00e9tale (Slimani)&nbsp;&nbsp;Universit\u00e9 de Aix- Marseille (Boughani )&nbsp;&nbsp;Centre International de Recherches Agronomiques pour le D\u00e9veloppement (CIRAD) UMR SELMET , Montpellier,( Huguenin+ Hammouda) . Nationales &nbsp;Minist\u00e8re <span class=\"readmore\"><a href=\"https:\/\/leve.usthb.dz\/index.php\/collaborations\/\">Continue Reading<\/a><\/span><\/p>\n","protected":false},"author":1,"featured_media":0,"parent":0,"menu_order":0,"comment_status":"closed","ping_status":"closed","template":"","meta":[],"_links":{"self":[{"href":"https:\/\/leve.usthb.dz\/index.php\/wp-json\/wp\/v2\/pages\/422"}],"collection":[{"href":"https:\/\/leve.usthb.dz\/index.php\/wp-json\/wp\/v2\/pages"}],"about":[{"href":"https:\/\/leve.usthb.dz\/index.php\/wp-json\/wp\/v2\/types\/page"}],"author":[{"embeddable":true,"href":"https:\/\/leve.usthb.dz\/index.php\/wp-json\/wp\/v2\/users\/1"}],"replies":[{"embeddable":true,"href":"https:\/\/leve.usthb.dz\/index.php\/wp-json\/wp\/v2\/comments?post=422"}],"version-history":[{"count":2,"href":"https:\/\/leve.usthb.dz\/index.php\/wp-json\/wp\/v2\/pages\/422\/revisions"}],"predecessor-version":[{"id":454,"href":"https:\/\/leve.usthb.dz\/index.php\/wp-json\/wp\/v2\/pages\/422\/revisions\/454"}],"wp:attachment":[{"href":"https:\/\/leve.usthb.dz\/index.php\/wp-json\/wp\/v2\/media?parent=422"}],"curies":[{"name":"wp","href":"https:\/\/api.w.org\/{rel}","templated":true}]}}