{"id":40,"date":"2023-07-09T10:17:00","date_gmt":"2023-07-09T10:17:00","guid":{"rendered":"http:\/\/193.194.89.177\/leve_wp\/?page_id=40"},"modified":"2023-07-17T12:08:07","modified_gmt":"2023-07-17T12:08:07","slug":"structure-dynamique-et-fonctionnement-des-systemes-ecologiques","status":"publish","type":"page","link":"https:\/\/leve.usthb.dz\/index.php\/structure-dynamique-et-fonctionnement-des-systemes-ecologiques\/","title":{"rendered":"Structure, dynamique et fonctionnement des syst\u00e8mes \u00e9cologiques"},"content":{"rendered":"\n<p><strong>Chef d\u2019\u00e9quipe Pr.<\/strong> YAHI-GUENAFDI Nassima<\/p>\n\n\n\n<p><strong>Membres &nbsp;: <\/strong><strong><\/strong><\/p>\n\n\n\n<ol type=\"1\">\n<li>YAHI-GUENAFDI Nassima Pr., DR, Chef d\u2019\u00e9quipe<\/li>\n\n\n\n<li>ATROUNE Farida MCB, CR<\/li>\n\n\n\n<li>ADDAR Abdelkader MCB CR<\/li>\n\n\n\n<li>BOUAOUNE Djahida MCB CR<\/li>\n\n\n\n<li>DAOUDI-MERBAH Farida MCB CR<\/li>\n\n\n\n<li>BENZINE-CHALLAM Hacina MAA CR<\/li>\n\n\n\n<li>MEGDOUD Amel MAA, CR<\/li>\n\n\n\n<li>SLIMANI Asma MAA, CR<\/li>\n<\/ol>\n\n\n\n<p>Doctorants&nbsp;:<\/p>\n\n\n\n<ol type=\"1\">\n<li>SOUYAD Nassima Doctorante syst\u00e8me classique<\/li>\n\n\n\n<li>ABBOUD Nabil Doctorat LMD<\/li>\n\n\n\n<li>KAFI Imen Doctorat LMD<\/li>\n<\/ol>\n\n\n\n<h3 class=\"has-small-font-size\"><a href=\"http:\/\/193.194.89.177\/leve_wp\/index.php\/description-des-objectifs-missions-et-activites-de-lequipe-4\/\">Description des objectifs, missions et activit\u00e9s de l\u2019\u00e9quipe<\/a><\/h3>\n\n\n\n<h3 class=\"has-small-font-size\"><a href=\"http:\/\/193.194.89.177\/leve_wp\/index.php\/publications-nationales-3\/\">Publications nationales<\/a><\/h3>\n\n\n\n<h3 class=\"has-small-font-size\"><a href=\"http:\/\/193.194.89.177\/leve_wp\/index.php\/publications-internationales-2\/\">Publications internationales<\/a><\/h3>\n\n\n\n<h3 class=\"has-small-font-size\"><a href=\"https:\/\/leve.usthb.dz\/node\/21\">Communications internationales<\/a><\/h3>\n\n\n\n<h3 class=\"has-small-font-size\"><a href=\"http:\/\/193.194.89.177\/leve_wp\/index.php\/communications-nationales-3\/\">Communications nationales<\/a><\/h3>\n\n\n\n<p><a href=\"http:\/\/193.194.89.177\/leve_wp\/index.php\/manifestations-scientifiques\/\">Manifestations scientifiques <\/a><\/p>\n\n\n\n<h3 class=\"has-small-font-size\"><a href=\"http:\/\/193.194.89.177\/leve_wp\/index.php\/theses-de-doctorat-soutenues-2\/\">Th\u00e9se de Doctorat soutenues<\/a><\/h3>\n\n\n\n<h3 class=\"has-small-font-size\"><a href=\"http:\/\/193.194.89.177\/leve_wp\/index.php\/theses-de-magister-2\/\">Th\u00e8ses de Magister<\/a><\/h3>\n\n\n\n<h3 class=\"has-small-font-size\"><a href=\"http:\/\/193.194.89.177\/leve_wp\/index.php\/encadrements-d-e-s-ingeniorat-et-master\/\">Encadrement   DES , Ing\u00e9niorat et Master<\/a><\/h3>\n","protected":false},"excerpt":{"rendered":"<p>Chef d\u2019\u00e9quipe Pr. YAHI-GUENAFDI Nassima Membres &nbsp;: Doctorants&nbsp;: Description des objectifs, missions et activit\u00e9s de l\u2019\u00e9quipe Publications nationales Publications internationales Communications internationales Communications nationales Manifestations scientifiques Th\u00e9se de Doctorat soutenues Th\u00e8ses de Magister Encadrement DES , Ing\u00e9niorat et Master<\/p>\n","protected":false},"author":1,"featured_media":0,"parent":0,"menu_order":0,"comment_status":"closed","ping_status":"closed","template":"","meta":[],"_links":{"self":[{"href":"https:\/\/leve.usthb.dz\/index.php\/wp-json\/wp\/v2\/pages\/40"}],"collection":[{"href":"https:\/\/leve.usthb.dz\/index.php\/wp-json\/wp\/v2\/pages"}],"about":[{"href":"https:\/\/leve.usthb.dz\/index.php\/wp-json\/wp\/v2\/types\/page"}],"author":[{"embeddable":true,"href":"https:\/\/leve.usthb.dz\/index.php\/wp-json\/wp\/v2\/users\/1"}],"replies":[{"embeddable":true,"href":"https:\/\/leve.usthb.dz\/index.php\/wp-json\/wp\/v2\/comments?post=40"}],"version-history":[{"count":15,"href":"https:\/\/leve.usthb.dz\/index.php\/wp-json\/wp\/v2\/pages\/40\/revisions"}],"predecessor-version":[{"id":330,"href":"https:\/\/leve.usthb.dz\/index.php\/wp-json\/wp\/v2\/pages\/40\/revisions\/330"}],"wp:attachment":[{"href":"https:\/\/leve.usthb.dz\/index.php\/wp-json\/wp\/v2\/media?parent=40"}],"curies":[{"name":"wp","href":"https:\/\/api.w.org\/{rel}","templated":true}]}}