{"id":331,"date":"2023-07-17T12:35:59","date_gmt":"2023-07-17T12:35:59","guid":{"rendered":"http:\/\/193.194.89.177\/leve_wp\/?page_id=331"},"modified":"2023-07-17T12:36:00","modified_gmt":"2023-07-17T12:36:00","slug":"description-des-objectifs-missions-et-activites-de-lequipe-5","status":"publish","type":"page","link":"https:\/\/leve.usthb.dz\/index.php\/description-des-objectifs-missions-et-activites-de-lequipe-5\/","title":{"rendered":"<strong>Description des objectifs, missions et activit\u00e9s de l\u2019\u00e9quipe<\/strong><strong><\/strong>"},"content":{"rendered":"\n<p>Description des objectifs, missions et activit\u00e9s de l\u2019\u00e9quipe<\/p>\n\n\n\n<p><strong>Objectifs d\u2019ensemble<\/strong><br>Les disciplines que l\u2019\u00e9quipe veut mettre en place au sein du laboratoire (anthracologie, carpologie, macro-restes) apportent par leur recul historique une contribution aux reconstitutions des paysages pass\u00e9s, par la d\u00e9termination de leurs compositions floristiques, par des esquisses de v\u00e9g\u00e9tations et interpr\u00e9tations pal\u00e9o\u00e9cologiques \u00e9volutives. Les sch\u00e9mas d\u2019\u00e9volution des associations v\u00e9g\u00e9tales pr\u00e9conis\u00e9s par la phytosociologie et ceux des successions dynamiques (phyto\u00e9cologie) serviront de base et permettront de confronter des approches n\u00e9o\u00e9cologiques et pal\u00e9o\u00e9cologiques et par l\u00e0, l\u2019\u00e9valuation de l\u2019\u00e9tat phytog\u00e9ographique actuel de la flore et la v\u00e9g\u00e9tation des syst\u00e8mes d\u00e9grad\u00e9s et ceux consid\u00e9r\u00e9s comme climaciques. L\u2019analyse compl\u00e9mentaire des pal\u00e9obiodescripteurs (charbon de bois, macrorestes\u2026) permettra de comprendre comment les changements globaux et les perturbations locales ont interagi pour structurer les syst\u00e8mes et leur biodiversit\u00e9.<\/p>\n\n\n\n<p><strong>Fondements Scientifiques<\/strong><strong>1. Etude phytog\u00e9ographique actuelle et historique de la r\u00e9gion m\u00e9diterran\u00e9enne<\/strong><br>&nbsp;Origine et \u00e9volution de la v\u00e9g\u00e9tation herbac\u00e9e dans le domaine maur\u00e9tanien m\u00e9diterran\u00e9en&nbsp;<br>&nbsp;Origine et \u00e9volution des syst\u00e8mes forestiers&nbsp;<br>&nbsp;Evolution des pelouses et les diff\u00e9rents stades phytodynamiques<br><strong>2. Etat, \u00e9volution et origine de la dynamique de quelques \u00ab&nbsp;r\u00e9gions types&nbsp;\u00bb des hauts plateaux et Atlas saharien<\/strong><br>&nbsp;\u00e9tat et \u00e9volution de l\u2019environnement physique, de la flore et de la v\u00e9g\u00e9tation steppique<br><strong>3. Etude pal\u00e9o\u00e9cologique et phytog\u00e9ographique au Sahara<\/strong><br>&nbsp;Origine et \u00e9volution de la flore et de la v\u00e9g\u00e9tation des plaines sahariennes<br>\u00e9tat et \u00e9volution des formations \u00e0 Fredolia aretio\u00efdes<br>\u00e9tat et \u00e9volution des formations \u00e0 Acacia raddiana&nbsp;<br>&nbsp;phytog\u00e9ographie et \u00e9cologie historique des arbres rares ou end\u00e9miques au Sahara<br>importance phytog\u00e9ographique de Pistacia atlantica au Sahara central<br>\u00e9tude phytog\u00e9ographique et dendrochronologique de Cupressus dupreziana<\/p>\n","protected":false},"excerpt":{"rendered":"<p>Description des objectifs, missions et activit\u00e9s de l\u2019\u00e9quipe Objectifs d\u2019ensembleLes disciplines que l\u2019\u00e9quipe veut mettre en place au sein du laboratoire (anthracologie, carpologie, macro-restes) apportent par leur recul historique une contribution aux reconstitutions des paysages pass\u00e9s, par la d\u00e9termination de <span class=\"readmore\"><a href=\"https:\/\/leve.usthb.dz\/index.php\/description-des-objectifs-missions-et-activites-de-lequipe-5\/\">Continue Reading<\/a><\/span><\/p>\n","protected":false},"author":1,"featured_media":0,"parent":0,"menu_order":0,"comment_status":"closed","ping_status":"closed","template":"","meta":[],"_links":{"self":[{"href":"https:\/\/leve.usthb.dz\/index.php\/wp-json\/wp\/v2\/pages\/331"}],"collection":[{"href":"https:\/\/leve.usthb.dz\/index.php\/wp-json\/wp\/v2\/pages"}],"about":[{"href":"https:\/\/leve.usthb.dz\/index.php\/wp-json\/wp\/v2\/types\/page"}],"author":[{"embeddable":true,"href":"https:\/\/leve.usthb.dz\/index.php\/wp-json\/wp\/v2\/users\/1"}],"replies":[{"embeddable":true,"href":"https:\/\/leve.usthb.dz\/index.php\/wp-json\/wp\/v2\/comments?post=331"}],"version-history":[{"count":1,"href":"https:\/\/leve.usthb.dz\/index.php\/wp-json\/wp\/v2\/pages\/331\/revisions"}],"predecessor-version":[{"id":333,"href":"https:\/\/leve.usthb.dz\/index.php\/wp-json\/wp\/v2\/pages\/331\/revisions\/333"}],"wp:attachment":[{"href":"https:\/\/leve.usthb.dz\/index.php\/wp-json\/wp\/v2\/media?parent=331"}],"curies":[{"name":"wp","href":"https:\/\/api.w.org\/{rel}","templated":true}]}}