{"id":248,"date":"2023-07-13T12:51:28","date_gmt":"2023-07-13T12:51:28","guid":{"rendered":"http:\/\/193.194.89.177\/leve_wp\/?page_id=248"},"modified":"2023-07-13T12:51:29","modified_gmt":"2023-07-13T12:51:29","slug":"publications-nationales-2","status":"publish","type":"page","link":"https:\/\/leve.usthb.dz\/index.php\/publications-nationales-2\/","title":{"rendered":"<strong>Publications nationales<\/strong>"},"content":{"rendered":"\n<p><\/p>\n\n\n\n<ul>\n<li><strong>Daoud Nassera, Mekious Scherazed, Belhadj Safia, Kadik Leila; 2022.- <\/strong>Apport des plantes m\u00e9dicinales et mellif\u00e8res \u00e0 la diversit\u00e9 floristique de la r\u00e9gion de Messaad (Algerie). AGROBIOLOGIA, 2022, Volume 12, Num\u00e9ro 1, Pages 2905-2914.<\/li>\n<\/ul>\n\n\n\n<ul>\n<li><strong>&nbsp;<\/strong><strong>Kadik Leila, Mekideche Sihem, Brakchi Lila ; 2019.- <\/strong>Richesse floristique du Parc National de Chr\u00e9a (secteur de Hamam el Ou\u00e8ne). Parc National de Chr\u00e9a. <a href=\"http:\/\/parcnational\/\">http:\/\/parcnational <\/a>de chr\u00e9a.dz.<\/li>\n<\/ul>\n\n\n\n<ul>\n<li><strong>Debieb Ahlem, Ben Belgacem Nawel, Sidi Moussa Sara, Baha Mounia, Kadik Leila ; 2018.- <\/strong>Contribution \u00e0 l\u2019\u00e9tude de la diversit\u00e9 de la p\u00e9dofaune (M\u00e9sofaune-Macrofaune) de la r\u00e9gion de Dhaia (Parc National de Chr\u00e9a). Revue Bioc\u00e9noses, Volume 9, Num\u00e9ro 1. <a href=\"https:\/\/www.asjp.cerist.dz\/en\/downArticle\/43\/9\/1\/146636\">https:\/\/www.asjp.cerist.dz\/en\/downArticle\/43\/9\/1\/146636<\/a>.<\/li>\n<\/ul>\n\n\n\n<ul>\n<li><strong>Kadik Leila ; 2018.- <\/strong>Application de la m\u00e9thode des liaisons intersp\u00e9cifiques : cas des for\u00eats et matorrals du semi-aride alg\u00e9rien. Bioc\u00e9noses Volume 1, Num\u00e9ro 3, Pages 39-76. <a href=\"https:\/\/www.asjp.cerist.dz\/en\/article\/39103\">https:\/\/www.asjp.cerist.dz\/en\/article\/39103<\/a>.<\/li>\n<\/ul>\n\n\n\n<p><strong>Ann\u00e9e 2017<\/strong><\/p>\n\n\n\n<p><strong>-Kadik L<\/strong>.2017- liaisons inters\u00e9cifiques&nbsp;: application \u00e0 la flore de l\u2019Atlas saharien Bioc\u00e9noses<\/p>\n\n\n\n<p><img decoding=\"async\" loading=\"lazy\" width=\"8\" height=\"11\" src=\"\" alt=\"-\">&nbsp;Revue MAB France Article Retour sur EuroMab 2017&nbsp;:&nbsp;<strong>Leila Kadik<\/strong>, Alg\u00e9rie<br><a href=\"https:\/\/www.mab-france.org\/fr\/actualite\/retour-sur-euromab-2017-leila-kadik-algerie\/\">https:\/\/www.mab-france.org\/fr\/actualite\/retour-sur-euromab-2017-leila-kadik-algerie\/<\/a><\/p>\n\n\n\n<p><strong>Ann\u00e9e 2015<\/strong><\/p>\n\n\n\n<p><img decoding=\"async\" loading=\"lazy\" width=\"8\" height=\"11\" src=\"\" alt=\"-\">&nbsp;<strong>Lila Brakchi-Ouakour1, Leila Kadik1<\/strong>, Sophie Gachet 2015<br><a href=\"http:\/\/www.impact-factor.org\/journal\/revue-d-ecologie-la-terre-et-la-vie.htmlntal\">www.impact-factor.org\/journal\/revue-d-ecologie-la-terre-et-la-vie.htmlntal<\/a>&nbsp;conditionsa,\u2217, Industrial Crops and Products<\/p>\n\n\n\n<p><strong>Ann\u00e9e 2016<\/strong><\/p>\n\n\n\n<p><img decoding=\"async\" loading=\"lazy\" width=\"8\" height=\"11\" src=\"\" alt=\"-\">&nbsp;Nadia OUADAH,&nbsp;<strong>Leila KADIK<\/strong>, Nadjiba BENDJEDDA &amp; Mohammed KAAB\u00c8CHE, 2016-1 IMPACT DU FEU SUR LA STRAT\u00c9GIE DE R\u00c9G\u00c9N\u00c9RATION D\u2019ESP\u00c8CES V\u00c9G\u00c9TALES FORESTI\u00c8RES M\u00c9DITERRAN\u00c9ENNES Revue d\u2019Ecologie (Terre et Vie), Vol. 71 (4), 2016<\/p>\n\n\n\n<p><img decoding=\"async\" loading=\"lazy\" width=\"8\" height=\"11\" src=\"\" alt=\"-\">&nbsp;Rabia Zehraoui &amp;&nbsp;<strong>Leila Kadik&nbsp;<\/strong>, 2016- R\u00e9sultats pr\u00e9liminaires de l\u2019\u00e9tude de l\u2019impact des reboisements du barrage vert sur la biodiversit\u00e9 floristique par cas de la r\u00e9gion de Djelfa (Alg\u00e9rie)&nbsp;;Actes du s\u00e9minaire international sur la Biodiversit\u00e9, Djelfa Nov 2015<\/p>\n\n\n\n<p><strong>-Melouani Naziha &amp; Kadik Leila<\/strong>, 2016- Impact des incendies sur la biodiversit\u00e9 de l\u2019Atlas Blid\u00e9en. Actes du s\u00e9minaire international sur la Biodiversit\u00e9, Djelfa Nov 2015<\/p>\n\n\n\n<p><strong>-Macheroum Amale,&amp; KADIK Leila<\/strong>, 2016- \u00c9valuation des ressources pastorales et de la Biodiversit\u00e9 floristique de la Wilaya de T\u00e9bessa, Actes du s\u00e9minaire international sur la Biodiversit\u00e9, Djelfa Nov 2015<\/p>\n\n\n\n<p><strong>Ann\u00e9e 2014<\/strong><\/p>\n\n\n\n<p><strong>-L.Achoubi-Kadik,<\/strong>&nbsp;2014 &#8211; M.Dahmani, N.Yahi,F.,Atroune, L.Boussouf,&nbsp;<strong>L.Brakchi,&nbsp;<\/strong>.Bouaoune &amp; Sadki Sch\u00e9ma syntaxonomique des matorrals de l\u2019 Alg\u00e9rie du Nord&nbsp;; Actes du s\u00e9minaire international Brest. Documents phytosociologiques, S\u00e9rie 3 \u2022 Volume 1<\/p>\n\n\n\n<p><img decoding=\"async\" loading=\"lazy\" width=\"8\" height=\"11\" src=\"\" alt=\"-\">&nbsp;M.&nbsp;Dahmani-Megrerouche 2014&nbsp;-,<strong>&nbsp;L Achoubi- Kadik<\/strong>, , N. Yahi, F. Atroune,&nbsp;<strong>L. Brakchi,<\/strong>&nbsp;L.. Boussouf, N. Sadki &amp; D. Bouaoune-2014 &#8211; Contribution \u00e0 la mise en place d\u2019un cadre syntaxonomique pour les groupements forestiers et pr\u00e9forestiers de l\u2019Alg\u00e9rie du Nord, Actes du s\u00e9minaire international Brest Documents phytosociologiques, S\u00e9rie 3 \u2022 Volume 1<\/p>\n\n\n\n<p><strong>Ann\u00e9e 2013<\/strong><\/p>\n\n\n\n<p><img decoding=\"async\" loading=\"lazy\" width=\"8\" height=\"11\" src=\"\" alt=\"-\">&nbsp;Taibaoui B.&amp;&nbsp;<strong>Kadik L.<\/strong>, 2013 &#8211; Etude de la dynamique des parcours steppiques dans les hautes plaines du sud alg\u00e9rois (r\u00e9gion d\u2019A\u00efn-Oussera, wilaya de Djelfa)&nbsp;; Facult\u00e9 des Sciences et de la Nature&nbsp;; Ouargla<br><a href=\"http:\/\/dspace.univ-ouargla.dz\/jspui\/handle\/123456789\/3615\">http:\/\/dspace.univ-ouargla.dz\/jspui\/handle\/123456789\/3615<\/a><\/p>\n\n\n\n<p><strong>-Berrached Rachda, Djerrad Zineb<\/strong>, Gueddouche Nora &amp;&nbsp;<strong>Kadik Leila<\/strong>&nbsp;; 2013- Contribution a l\u2019\u00e9tude de la diversit\u00e9 floristique et \u00e9laboration d\u2019une base de donn\u00e9es (cas de la wilaya de Djelfa)&nbsp;; Revue semestrielle \u00e9dit\u00e9e par BECAGROM de Sidi Bel Abbes et le Laboratoire GEDE de l\u2019universit\u00e9 de Mascara<\/p>\n\n\n\n<p><strong>Ann\u00e9e 2012<\/strong><\/p>\n\n\n\n<p><img decoding=\"async\" loading=\"lazy\" width=\"8\" height=\"11\" src=\"\" alt=\"-\">&nbsp;<strong>&nbsp;Kadik L.&nbsp;<\/strong>. 2012- Les Orchid\u00e9es, tr\u00e9sor de la Nature \u00e0 pr\u00e9server, Lettre du parc National de Chr\u00e9a N\u00b04.&nbsp;<a href=\"http:\/\/www.pnc.dz\/\">www.pnc.dz<\/a><\/p>\n\n\n\n<p><img decoding=\"async\" loading=\"lazy\" width=\"8\" height=\"11\" src=\"\" alt=\"-\">&nbsp;<strong>&nbsp;Kadik L.&nbsp;<\/strong>. 2012- S.O.S 2012- For\u00eats en p\u00e9ril revue N\u00b03 du CRBB-MATE.&nbsp;<a href=\"http:\/\/www.cndrb.dz\/\">www.cndrb.dz<\/a>.<\/p>\n\n\n\n<p><strong>Ann\u00e9e 2010<\/strong><\/p>\n\n\n\n<p><img decoding=\"async\" loading=\"lazy\" width=\"8\" height=\"11\" src=\"\" alt=\"-\">&nbsp;<strong>&nbsp;Kadik L.<\/strong>.2010 &#8211; Bilan des travaux de recherche effectu\u00e9s de 2005 \u00e0 2009, Lettre du parc National de Chr\u00e9a N\u00b02<\/p>\n\n\n\n<p><img decoding=\"async\" loading=\"lazy\" width=\"8\" height=\"11\" src=\"\" alt=\"-\">&nbsp;<strong>&nbsp;Kadik L.<\/strong>&nbsp;2010 \u2013 Les formations de bord de mer de Zemouri El Bahri, revue N\u00b01 du CRBB-MATE<\/p>\n\n\n\n<p><strong>Ann\u00e9e 2003<\/strong><\/p>\n\n\n\n<p><img decoding=\"async\" loading=\"lazy\" width=\"8\" height=\"11\" src=\"\" alt=\"-\">&nbsp;Godron M.&nbsp;&amp;<strong>&nbsp;Kadik L.<\/strong>, 2003 &#8211; La mesure de la Biodiversit\u00e9 \u00e0 deux \u00e9chelles spatiales. Symbioses n\u00b08.50p.<\/p>\n\n\n\n<p><strong>Ann\u00e9e 2002<\/strong><\/p>\n\n\n\n<p><img decoding=\"async\" loading=\"lazy\" width=\"8\" height=\"11\" src=\"\" alt=\"-\">&nbsp;<strong>Kadik L.<\/strong>&nbsp;&amp; al, 2002.- Carte d\u2019occupation des terres des zones foresti\u00e8res et pr\u00e9foresti\u00e8res de l\u2019\u00e9tage bioclimatique semi-aride alg\u00e9rien, 8 feuilles ( Oran, Saida, Tiaret, Frenda, Batna, Khenchela, T\u00e9bessa, Djelfa) &amp; Notice&nbsp;; R\u00e9d &amp; Impr. INCT&nbsp;; Edition CRSTRA.<\/p>\n\n\n\n<p><img decoding=\"async\" loading=\"lazy\" width=\"8\" height=\"11\" src=\"\" alt=\"-\">&nbsp;<strong>Kadik L.<\/strong>, 2002.- cartes d\u2019occupation des terres des zones foresti\u00e8res et pr\u00e9foresti\u00e8res du semi-aride alg\u00e9rien&nbsp;: 8 cartes Edition par le CRSTRA \u2013INCT<\/p>\n\n\n\n<p><strong>Ann\u00e9e 2001<\/strong><\/p>\n\n\n\n<p><img decoding=\"async\" loading=\"lazy\" width=\"8\" height=\"11\" src=\"\" alt=\"-\">&nbsp;<strong>Kadik L.<\/strong>, 2001.- Les incendies en M\u00e9diterran\u00e9e occidentale, Annales foresti\u00e8res 36p.<\/p>\n\n\n\n<p><strong>Ann\u00e9e 1995<\/strong><\/p>\n\n\n\n<p><img decoding=\"async\" loading=\"lazy\" width=\"8\" height=\"11\" src=\"\" alt=\"-\">&nbsp;<strong>Kadik L.&amp; Brakchi L.<\/strong>, 1995.- Contribution \u00e0 la connaissance des for\u00eats de pin d\u2019Alep Pinus halepensis Mill. Faci\u00e8s de d\u00e9gradation dans les Monts de Beni Imloul (Aur\u00e8s) Bioc\u00e9noses. Tome 6, n\u00b01, 1995, p.45-63.<\/p>\n\n\n\n<p><strong>Ann\u00e9e 1990<\/strong><\/p>\n\n\n\n<p><img decoding=\"async\" loading=\"lazy\" width=\"8\" height=\"11\" src=\"\" alt=\"-\">&nbsp;<strong>Kadik L.<\/strong>, 1990.- Int\u00e9r\u00eat des variables physionomiques dans la recherche des esp\u00e8ces indicatrices&nbsp;: cas des Djebels de l\u2019Atlas saharien Bioc\u00e9noses. Tome 5, N\u00b0&nbsp;1.2. p.7-34<\/p>\n\n\n\n<p><strong>Ann\u00e9e1982<\/strong><\/p>\n\n\n\n<p><img decoding=\"async\" loading=\"lazy\" width=\"8\" height=\"11\" src=\"\" alt=\"-\">&nbsp;<strong>Kadik L.<\/strong>&nbsp;&amp; Mediouni K., 1982.- Application de l\u2019\u00e9tude du pin d\u2019Alep en r\u00e9gion semi-aride aux interventions foresti\u00e8res, Inst.Nation.Agron., ALGER rapp.du coll.<\/p>\n\n\n\n<p><strong>Ann\u00e9e 1980<\/strong><\/p>\n\n\n\n<p><img decoding=\"async\" loading=\"lazy\" width=\"8\" height=\"11\" src=\"\" alt=\"-\">&nbsp;<strong>Achoubi L.<\/strong>&nbsp;&amp; al 1980 Carte d\u2019occupation des terres au 1\/200.000 de MECHERIA (Wilaya de SAIDA) coupure sp\u00e9ciale publi\u00e9e par le CRBT.<\/p>\n\n\n\n<p><strong>Ann\u00e9e 1978<\/strong><\/p>\n\n\n\n<p><img decoding=\"async\" loading=\"lazy\" width=\"8\" height=\"11\" src=\"\" alt=\"-\">&nbsp;<strong>Achoubi L.<\/strong>, 1978- Etablissement de la carte d\u2019occupation des terres de la coop\u00e9rative de Bordj El May au 1\/10.000. D.E.A, Univ. Alger, 50p.+carte &amp; ann.<\/p>\n","protected":false},"excerpt":{"rendered":"<p>Ann\u00e9e 2017 -Kadik L.2017- liaisons inters\u00e9cifiques&nbsp;: application \u00e0 la flore de l\u2019Atlas saharien Bioc\u00e9noses &nbsp;Revue MAB France Article Retour sur EuroMab 2017&nbsp;:&nbsp;Leila Kadik, Alg\u00e9riehttps:\/\/www.mab-france.org\/fr\/actualite\/retour-sur-euromab-2017-leila-kadik-algerie\/ Ann\u00e9e 2015 &nbsp;Lila Brakchi-Ouakour1, Leila Kadik1, Sophie Gachet 2015www.impact-factor.org\/journal\/revue-d-ecologie-la-terre-et-la-vie.htmlntal&nbsp;conditionsa,\u2217, Industrial Crops and Products Ann\u00e9e 2016 &nbsp;Nadia <span class=\"readmore\"><a href=\"https:\/\/leve.usthb.dz\/index.php\/publications-nationales-2\/\">Continue Reading<\/a><\/span><\/p>\n","protected":false},"author":1,"featured_media":0,"parent":0,"menu_order":0,"comment_status":"closed","ping_status":"closed","template":"","meta":[],"_links":{"self":[{"href":"https:\/\/leve.usthb.dz\/index.php\/wp-json\/wp\/v2\/pages\/248"}],"collection":[{"href":"https:\/\/leve.usthb.dz\/index.php\/wp-json\/wp\/v2\/pages"}],"about":[{"href":"https:\/\/leve.usthb.dz\/index.php\/wp-json\/wp\/v2\/types\/page"}],"author":[{"embeddable":true,"href":"https:\/\/leve.usthb.dz\/index.php\/wp-json\/wp\/v2\/users\/1"}],"replies":[{"embeddable":true,"href":"https:\/\/leve.usthb.dz\/index.php\/wp-json\/wp\/v2\/comments?post=248"}],"version-history":[{"count":1,"href":"https:\/\/leve.usthb.dz\/index.php\/wp-json\/wp\/v2\/pages\/248\/revisions"}],"predecessor-version":[{"id":250,"href":"https:\/\/leve.usthb.dz\/index.php\/wp-json\/wp\/v2\/pages\/248\/revisions\/250"}],"wp:attachment":[{"href":"https:\/\/leve.usthb.dz\/index.php\/wp-json\/wp\/v2\/media?parent=248"}],"curies":[{"name":"wp","href":"https:\/\/api.w.org\/{rel}","templated":true}]}}