{"id":181,"date":"2023-07-12T10:18:23","date_gmt":"2023-07-12T10:18:23","guid":{"rendered":"http:\/\/193.194.89.177\/leve_wp\/?page_id=181"},"modified":"2023-07-12T10:18:24","modified_gmt":"2023-07-12T10:18:24","slug":"publications-nationales","status":"publish","type":"page","link":"https:\/\/leve.usthb.dz\/index.php\/publications-nationales\/","title":{"rendered":"<strong>Publications nationales<\/strong>"},"content":{"rendered":"\n<p><\/p>\n\n\n\n<p><strong>\u00a0<\/strong><\/p>\n\n\n\n<ul>\n<li>Nedjraoui D,\u00a0<strong>Hirche A<\/strong>. Boughani A,\u00a0<strong>Salamani M<\/strong>, Bouzenoune A,\u00a0<strong>Hourizi R<\/strong>,<strong>\u00a0Omari L\u00a0<\/strong>, Slimani H, 2016. Surveillance \u00e0 long terme des \u00e9cosyst\u00e8mes steppiques et suivi de la d\u00e9sertification. Cas de la steppe du Sud Ouest Oranais (Alg\u00e9rie). Revue Bioc\u00e9noses. Alger<\/li>\n\n\n\n<li><strong>Hirche\u00a0 A.<\/strong> Salamani M., Boughani M, Belala F , Essafi B., Gashut E.H.,\u00a0 Hourizi R, Grandi\u00a0 M.,,Ait hamouda T.2017 Land degradation and restoration: The North African experiences. Geophysical Research Abstracts Vol. 19, EGU2017-11898, 2017 EGU General Assembly 2017. Vienne. Austria.<a href=\"http:\/\/meetingorganizer.copernicus.org\/EGU2017\/EGU2017-11898.pdf\">http:\/\/meetingorganizer.copernicus.org\/EGU2017\/EGU2017-11898.pdf<\/a><\/li>\n<\/ul>\n\n\n\n<ul>\n<li>Hourizi R, <strong>Hirche A,<\/strong> Djellouli Y, Nedjraoui D. Changements\u00a0 spatio-temporels des paysages steppiques d\u2019A De la r\u00e9gion de m\u00e9ch\u00e9ria .<em> <strong>2017<\/strong>. Revue d\u2019Ecologie (Terre et Vie. <\/em>Vol.72 (1),2017 : 33-47\u00a0\u00a0\u00a0\u00a0\u00a0\u00a0 <a href=\"http:\/\/www.snpn.com\/spip.php?article2493\">http:\/\/www.snpn.com\/spip.php?article2493<\/a><\/li>\n<\/ul>\n\n\n\n<ul>\n<li><a href=\"https:\/\/www.ncbi.nlm.nih.gov\/pubmed\/?term=Mart%C3%ADnez-Valderrama%20J%5BAuthor%5D&amp;cauthor=true&amp;cauthor_uid=28802894\">Mart\u00ednez-Valderrama J<\/a>,&nbsp;<a href=\"https:\/\/www.ncbi.nlm.nih.gov\/pubmed\/?term=Ib%C3%A1%C3%B1ez%20J%5BAuthor%5D&amp;cauthor=true&amp;cauthor_uid=28802894\">Ib\u00e1\u00f1ez J<\/a>,&nbsp;<a href=\"https:\/\/www.ncbi.nlm.nih.gov\/pubmed\/?term=Del%20Barrio%20G%5BAuthor%5D&amp;cauthor=true&amp;cauthor_uid=28802894\">Del Barrio G<\/a>,&nbsp;<a href=\"https:\/\/www.ncbi.nlm.nih.gov\/pubmed\/?term=Alcal%C3%A1%20FJ%5BAuthor%5D&amp;cauthor=true&amp;cauthor_uid=28802894\">Alcal\u00e1 FJ<\/a>,&nbsp;<a href=\"https:\/\/www.ncbi.nlm.nih.gov\/pubmed\/?term=Sanju%C3%A1n%20ME%5BAuthor%5D&amp;cauthor=true&amp;cauthor_uid=28802894\">Sanju\u00e1n ME<\/a>,&nbsp;<a href=\"https:\/\/www.ncbi.nlm.nih.gov\/pubmed\/?term=Ruiz%20A%5BAuthor%5D&amp;cauthor=true&amp;cauthor_uid=28802894\">Ruiz A<\/a>,&nbsp;<a href=\"https:\/\/www.ncbi.nlm.nih.gov\/pubmed\/?term=Hirche%20A%5BAuthor%5D&amp;cauthor=true&amp;cauthor_uid=28802894\"><strong>Hirche A<\/strong><\/a>,&nbsp;<a href=\"https:\/\/www.ncbi.nlm.nih.gov\/pubmed\/?term=Puigdef%C3%A1bregas%20J%5BAuthor%5D&amp;cauthor=true&amp;cauthor_uid=28802894\">Puigdef\u00e1pbregas J<\/a><sup>. <\/sup><strong>2017<\/strong>.-Doomed to Collapse:Why Algerian steppe rangelands are overgrazed and some lessons to help land-use transitions. <a href=\"https:\/\/www.ncbi.nlm.nih.gov\/pubmed\/28802894\">Sci.Total Environ.<\/a>&nbsp;Aug 9. pii: S0048-9697(17)31761-8. doi: 10.1016\/j.scitotenv.2017.07.058 <a href=\"http:\/\/www.sciencedirect.com\/science\/journal\/aip\/00489697?sdc=1\">http:\/\/www.sciencedirect.com\/science\/journal\/aip\/00489697?sdc=1<\/a><\/li>\n<\/ul>\n\n\n\n<h1>&nbsp;&nbsp;&nbsp;&nbsp;&nbsp;&nbsp;&nbsp;&nbsp;&nbsp;&nbsp;&nbsp;<\/h1>\n\n\n\n<ul>\n<li><strong>Hirche<\/strong> A, Podwojewski P,\u00a0 Mahamane A., Nedjraoui D, Boughani A, Salamani M Et Hourizi R. <strong>2017<\/strong>.D\u00e9gradation des terres dans les zones s\u00e8ches circum-sahariennes Liaison \u00c9nergie-Francophonie num\u00e9ro 105 &#8211; 2\u00e8me trimestre 2017.D\u00e9sertification et syst\u00e8me terre &#8211; De la (re)connaissance \u00e0 l\u2019action.<a href=\"http:\/\/www.ifdd.francophonie.org\/media\/docs\/publications\/709_LEF-105.pdf\">http:\/\/www.ifdd.francophonie.org\/media\/docs\/publications\/709_LEF-105.pdf<\/a><\/li>\n<\/ul>\n\n\n\n<ul>\n<li>Grandi M., <strong>Hirche A<\/strong>., Fern\u00e1ndez-Ondo\u00f1 ;\u00a0 E., Mart\u00edn-Peinado ;\u00a0F.,Salamani M. &amp; Belala F. <strong>2017<\/strong>. Land degradation and sand dynamics in a steppe\u00a0 region\u00a0 (N\u00e2ama, South-Western Algeria). <em>SJSS Spanish Journal Of Soil Science,<\/em> Year 2017, Volume 7, Issue 3. <a href=\"https:\/\/sjss.universia.net\/article\/viewFile\/2903\/2396\">https:\/\/sjss.universia.net\/article\/viewFile\/2903\/2396<\/a><\/li>\n<\/ul>\n\n\n\n<ul>\n<li>Boumediene Khaouani,Azziz Hirche, Mostefa Salamani, 2019 Ecological dynamics of the green dam by remote sensing: the case of moudjbara (djelfa, central algeria). 2019.<em>Ponte<\/em> <a href=\"http:\/\/dx.doi.org\/10.21506\/j.ponte.2019.4.8\">http:\/\/dx.doi.org\/10.21506\/j.ponte.2019.4.8<\/a> \u2022 Boughani A, Hirche azziz <strong>2020<\/strong> . Life forms and species responses under arid mediterranean climate: case of Algerian steppes. <em>Ponte <\/em>&#8211; Volume 76 &#8211; Issue 10. <a href=\"doi:%2010.21506\/j.ponte.2020.10.9\">doi: 10.21506\/j.ponte.2020.10.9<\/a><\/li>\n<\/ul>\n\n\n\n<ul>\n<li>Oukil, Y, Alouat , M, et Hirche , <strong>2021<\/strong> A. Etude diachronique des conditions du milieu et de la v\u00e9g\u00e9tation d\u2019une zone steppique (2001-2015): cas de la Wilaya de Djelfa (Alg\u00e9rie).&nbsp;<em>The Egyptian Journal of Environmental changes<\/em>, 2020, vol. 12, no 1, p. 34-50.<\/li>\n<\/ul>\n\n\n\n<ul>\n<li>Boussadia-Omari L, Ouillon S, Hirche A, Salamani M, Guettouche M S,Ihaddaden A, Nedjraoui D<strong>. 2021<\/strong>. Contribution of phytoecological data to spatialize soil erosion: application of the RUSLE model in the Algerian Atlas.2021. International Soil and Water Conservation Research. <a href=\"https:\/\/doi.org\/10.1016\/j.iswcr.2021.05.004\">https:\/\/doi.org\/10.1016\/j.iswcr.2021.05.004<\/a><\/li>\n<\/ul>\n\n\n\n<ul>\n<li>Radi N<strong>, Hirche A<\/strong> ,\u00a0 Boutaleb A, 2022.- Assessment of soil contamination by heavy metals and arsenic in Tamesguida abandoned copper mine area, M\u00e9d\u00e9a, Algeria. Environ Monit Assess 2022 Dec 29; 195(1):247. doi: 10.1007\/s10661-022-10862-7.<a href=\"https:\/\/pubmed.ncbi.nlm.nih.gov\/36580146\/\">https:\/\/pubmed.ncbi.nlm.nih.gov\/36580146\/<\/a><\/li>\n<\/ul>\n","protected":false},"excerpt":{"rendered":"<p>\u00a0 &nbsp;&nbsp;&nbsp;&nbsp;&nbsp;&nbsp;&nbsp;&nbsp;&nbsp;&nbsp;&nbsp;<\/p>\n","protected":false},"author":1,"featured_media":0,"parent":0,"menu_order":0,"comment_status":"closed","ping_status":"closed","template":"","meta":[],"_links":{"self":[{"href":"https:\/\/leve.usthb.dz\/index.php\/wp-json\/wp\/v2\/pages\/181"}],"collection":[{"href":"https:\/\/leve.usthb.dz\/index.php\/wp-json\/wp\/v2\/pages"}],"about":[{"href":"https:\/\/leve.usthb.dz\/index.php\/wp-json\/wp\/v2\/types\/page"}],"author":[{"embeddable":true,"href":"https:\/\/leve.usthb.dz\/index.php\/wp-json\/wp\/v2\/users\/1"}],"replies":[{"embeddable":true,"href":"https:\/\/leve.usthb.dz\/index.php\/wp-json\/wp\/v2\/comments?post=181"}],"version-history":[{"count":1,"href":"https:\/\/leve.usthb.dz\/index.php\/wp-json\/wp\/v2\/pages\/181\/revisions"}],"predecessor-version":[{"id":183,"href":"https:\/\/leve.usthb.dz\/index.php\/wp-json\/wp\/v2\/pages\/181\/revisions\/183"}],"wp:attachment":[{"href":"https:\/\/leve.usthb.dz\/index.php\/wp-json\/wp\/v2\/media?parent=181"}],"curies":[{"name":"wp","href":"https:\/\/api.w.org\/{rel}","templated":true}]}}